ighest common factor of 60 and t?
15
Let t be (-12)/8*(-26)/3. Suppose -c + 2*m = 168, 4*c - 5 = 2*m - 701. Let l = c + 267. Calculate the highest common factor of t and l.
13
Let d be (-2)/(-8) + -1 + (-270)/(-40). Let q be (-6)/((-54)/198*4/d). Calculate the highest common divisor of q and 11.
11
Let z be (106/8 + 1)/((-84)/(-4144)). Calculate the greatest common divisor of z and 19.
19
Suppose -4*z - 81 + 137 = 0. What is the greatest common divisor of 35 and z?
7
Suppose 0 = -j + 5, -m - 3*j = -2*j - 9. Let p be (2/4)/((-5)/(-10)). Calculate the greatest common factor of p and m.
1
Suppose 3*z - 4*j - 71 = 0, z + 3*j = -2*z + 78. Suppose 62 = 5*k - 8. Let w = 24 - k. What is the highest common divisor of w and z?
5
Suppose 0 = -72*f - 16224 + 76272. What is the greatest common factor of 12 and f?
6
Suppose -6 + 2 = -2*d. Suppose 0*s = -k - d*s + 54, 0 = 5*s - 25. Calculate the greatest common divisor of k and 352.
44
Suppose 4*r + 10 + 2 = -3*l, -l = 4*r + 4. Suppose -15 - 5 = -4*m, -5*y - 3*m + 20 = r. Suppose -y = -5*t + 9. Calculate the greatest common factor of 10 and t.
2
Let c(r) = 7*r**2 - 26*r - 107. Let i be c(-5). Calculate the highest common divisor of 18 and i.
18
Suppose -59 = -3*h - 4*y, h - 16 - 11 = -5*y. Suppose 0*c - 5*c + 70 = 0. Let o = 3 + c. What is the greatest common divisor of h and o?
17
Suppose -3*a + 25 = p, 0*a + 5*p + 1 = 3*a. Let q be (7/2)/((-6)/(-1188)*9). What is the greatest common factor of a and q?
7
Let v be ((-8)/25)/((-44)/(-770))*-15. Calculate the greatest common divisor of v and 112.
28
Suppose p - 19 = 4*t, t + 27 = 5*p - 2*t. Suppose -63 = 6*n - 87. What is the greatest common factor of p and n?
1
Let n = 135 - -70. What is the highest common factor of n and 246?
41
Let z = -641 + 671. Calculate the greatest common factor of 25 and z.
5
Suppose 144 = 4*c + n - 33, 0 = -c + 4*n + 40. What is the greatest common divisor of c and 4?
4
Suppose -3*x = -5*y - 304 - 355, -y - 223 = -x. Calculate the highest common divisor of x and 24.
12
Let g = -211 - -328. Calculate the greatest common divisor of g and 26.
13
Let y = 13 - -12. Let f = y - 12. Calculate the greatest common factor of 13 and f.
13
Let i(q) = -q**2 + q - 1. Let m be i(3). Let t(n) = n + 5. Let r be t(m). Let l be (-922)/(-4) + (-1)/r. Calculate the greatest common divisor of 21 and l.
21
Suppose 5*i + 20 = 0, 4*b - 3*b = 5*i + 37. What is the highest common divisor of 136 and b?
17
Let y be (-4)/((-817)/1596 + 3/7). Calculate the greatest common factor of 84 and y.
12
Let q = 9 + -3. Let z = -107 - -165. Suppose -5*j + z = 4*c, 3*c = -j + 3 + 35. What is the greatest common factor of q and c?
6
Let l be (-4)/18 + 22510/45. Suppose -5*c = 3*y - 629, 6*c - l = 2*c - 4*y. Suppose -5*u + 33 + c = 0. What is the highest common divisor of 8 and u?
8
Let o = -1879 - -1981. What is the highest common factor of 51 and o?
51
Suppose -3*w - 125 = 4*p - 2*w, -2*p - w - 61 = 0. Let i be -4 - (p/4 - 0). What is the greatest common factor of 6 and i?
2
Let q = 72 + -67. Suppose -5*f + f = q*a - 215, -f = a - 54. What is the highest common factor of 33 and f?
11
Suppose 5*l - 79 = -18*c + 17*c, 4*c + 5*l = 376. What is the greatest common factor of 11 and c?
11
Let p = 0 - -2. Suppose p = 2*h + 2*s + 4, -9 = -h + s. Let z be h*-7*3/(-6). What is the greatest common factor of 154 and z?
14
Suppose 36*y - 80 = 34*y. Calculate the highest common divisor of y and 32.
8
Let m = 74 - 44. Let w = -1 - -8. Suppose 2*l + 60 = w*l. What is the highest common factor of m and l?
6
Suppose u + b - 120 = 0, -2*b + 143 = 3*u - 216. What is the greatest common factor of u and 14?
7
Suppose 3*a + 5*c - 182 = 0, 4*a + 3*c - 4*c - 258 = 0. Suppose 2*u + 3*u - 20 = 0. What is the greatest common factor of a and u?
4
Suppose 0 = -r + 2, 48 = -2*p + 5*r. Suppose -55 - 10 = 5*z. Let y = z - p. What is the highest common factor of y and 24?
6
Let w be (1*8/2)/1. Let c be 25/(32/10 + -3). Suppose 0 = w*f - b - c, 45 + 5 = 2*f + 2*b. What is the highest common factor of 12 and f?
6
Suppose 677*q - 669*q - 7800 = 0. Calculate the highest common divisor of 13 and q.
13
Let a be (-13)/(-13) - (-5 - 2). Calculate the greatest common divisor of 1576 and a.
8
Let n(r) = 2*r**2 - 7*r + 8. Let f be n(3). Calculate the highest common factor of f and 20.
5
Let r(z) = -3*z - 1. Let s be r(1). Let v be ((-3)/(-9))/(1/(-132)*s). What is the highest common divisor of 11 and v?
11
Suppose 5*q - 1411 = 239. Calculate the highest common divisor of q and 132.
66
Suppose 4*z + 8 - 20 = 0. Suppose -2*f = z*f - o - 100, f + 4*o + 1 = 0. What is the greatest common divisor of f and 171?
19
Suppose 4*x = 258 + 114. Let f = x - 48. What is the greatest common factor of 9 and f?
9
Suppose 0 = 126*x - 131*x + 30. Calculate the highest common divisor of 21 and x.
3
Suppose 12*p + 2365 = 11581. Calculate the greatest common divisor of 6 and p.
6
Let y(u) = 2*u**2 - 3. Let x be y(-2). What is the greatest common divisor of 37 and x?
1
Suppose -44 = -7*v + 89. Let p = v + 5. What is the greatest common factor of 24 and p?
24
Let a = -16 + 22. Let c = -1 + a. Suppose -3*b - 1 = 14, m + c*b = -19. Calculate the greatest common factor of 9 and m.
3
Suppose -6*x + 691 - 151 = 0. What is the highest common divisor of 30 and x?
30
Let g = 836 + -793. Calculate the highest common divisor of 4343 and g.
43
Let r(o) = -o**3 + 8*o**2 + 2*o - 5. Let h be r(6). Suppose 0 = 81*b - h*b - 22. Calculate the greatest common factor of 55 and b.
11
Suppose -16 = -u + a, -2*u + 3*a + 17 = -2*a. Let q be (-94)/(-14) - (-6)/u. Let f be (6/q)/((-5)/(-140)). What is the highest common divisor of f and 6?
6
Let z be (-17 - 1)*114/(-4). Calculate the highest common divisor of z and 19.
19
Let t be (-4)/16 - 1/(-4). Let q be -2 + (t + -50)*-1. Suppose -34 = 8*k - 82. What is the greatest common divisor of k and q?
6
Suppose -u - 75 = -4*t, -t + 4*u - 2 = -32. What is the greatest common factor of t and 81?
9
Suppose 2*g = -5*i + 25, -i + 2*g = 3 + 4. Suppose 0 = u - 4*u + h + 97, i*u - 103 = -2*h. Calculate the highest common factor of u and 22.
11
Let g(m) = 112*m - 47. Let u(j) = -75*j + 31. Let l(x) = 5*g(x) + 8*u(x). Let a be l(-6). What is the greatest common factor of 23 and a?
23
Let g(y) = -47*y. Let l be g(-2). Let t = -65 + l. What is the greatest common divisor of t and 145?
29
Let w = -48 - -110. Let s be ((-124)/(-6))/(140/210). What is the highest common factor of w and s?
31
Let z = 84 - 72. Suppose -z*r + 238 = 5*r. Calculate the greatest common divisor of 77 and r.
7
Let z(k) = 6*k - 2. Let n be z(2). Suppose 2*o - n*o = -224. What is the highest common factor of o and 252?
28
Let s = -28 + 47. Calculate the greatest common divisor of s and 19.
19
Suppose 5*p = c - 22, 5*c - 5*p - 34 = -4. Let a = 12 - c. What is the greatest common factor of a and 5?
5
Let v be (3952/1064)/(1/21). Suppose -3*n + 5 + 7 = 0. Suppose 65 = n*w + w. Calculate the highest common factor of v and w.
13
Suppose -q + 7 - 4 = 0. Suppose 4*w = -2*v + 4, 0 = -q*w - 2*v + 2. Suppose b - 4 = 5*b, w*b = 3*p - 62. Calculate the greatest common divisor of 10 and p.
10
Let p be (-4)/(-3) + 31780/681. Calculate the greatest common divisor of p and 648.
24
Let m(s) = 7*s - 5*s**2 + 2 - 7*s**2 + 15*s**2. Let a be m(-3). Calculate the greatest common divisor of a and 6.
2
Suppose -4*l = 4 - 12. Let p be 1 + ((-6)/3)/l. Suppose -2 = -p*y - y. Calculate the greatest common factor of y and 22.
2
Suppose 2*o + 16 - 110 = -u, 230 = 5*o + 5*u. Calculate the highest common divisor of o and 88.
8
Let d = -1 - -4. Suppose 3*y = -2*l + 6 + 1, 2*l - 3*y - 1 = 0. Suppose -3 = -4*x - l*o + 3, 3*x = -4*o - 3. Calculate the highest common divisor of x and d.
3
Let o(i) = -193*i + 136. Let t be o(-2). What is the highest common divisor of t and 435?
87
Let v = -37 + 44. Suppose -v*u + 12*u = 20. Suppose -4*c + 9*c - 80 = 0. Calculate the greatest common factor of u and c.
4
Suppose -5*j = -f + 72, f - j - 44 = -3*j. Suppose 4*k + 0*k = 20. Suppose w = k*w - 52. Calculate the greatest common divisor of w and f.
13
Suppose 5*x = 4*g + 14, g + 4 = -2*x + 20. Suppose 5*i - 2*v = -7*v + 45, 9 = 3*v. What is the greatest common factor of x and i?
6
Suppose -7*k = -3*k - 24